{"id":2832,"date":"2021-03-04T17:56:23","date_gmt":"2021-03-04T16:56:23","guid":{"rendered":"http:\/\/test.eds-r.com\/?page_id=2832"},"modified":"2024-09-17T11:18:23","modified_gmt":"2024-09-17T09:18:23","slug":"logistik","status":"publish","type":"page","link":"https:\/\/eds-r.com\/?page_id=2832","title":{"rendered":"Logistik"},"content":{"rendered":"<p><section class=\"kc-elm kc-css-181178 kc_row\"><div class=\"kc-row-container  kc-container\"><div class=\"kc-wrap-columns\"><div class=\"kc-elm kc-css-536179 kc_column kc_col-sm-12\"><div class=\"kc-col-container\"><\/div><\/div><\/div><\/div><\/section><section class=\"kc-elm kc-css-177319 kc_row\"><div class=\"kc-row-container  kc-container\"><div class=\"kc-wrap-columns\"><div class=\"kc-elm kc-css-645286 kc_col-sm-12 kc_column kc_col-sm-12\"><div class=\"kc-col-container\"><div class=\"kc-elm kc-css-38453 kc_row kc_row_inner\"><div class=\"kc-elm kc-css-213988 kc_col-sm-12 kc_column_inner kc_col-sm-12\"><div class=\"kc_wrapper kc-col-inner-container\"><div class=\"kc-elm kc-css-614133 kc_text_block\"><\/p>\n<div class=\"elementHeadline\" style=\"padding: 0px 30px 0px 0px; line-height: 30px; color: #0c1c2c; font-family: Verdana, Tahoma, Arial, Helvetica, sans-serif; font-size: 30px;\">\n<h3 style=\"color: #076dc7; font-size: 30px; margin: 30px 0px 30px; font-family: verdana, arial, sans-serif;\">Dienstleistungen Logistik<\/h3>\n<\/div>\n<div class=\"elementStandard\" style=\"padding: 0px 30px 0px 0px; line-height: 30px;\">\n<ul>\n<li><strong>Der Logistikbereich der Firma eds-r verf\u00fcgt \u00fcber einen eigenen breit aufgestellten Fuhrpark, sowie auch eigenen Beh\u00e4ltern wie z.B Container, Gitterboxen und Paletten.<\/strong><\/li>\n<\/ul>\n<ul>\n<li><strong>Dadurch k\u00f6nnen wir Ihnen in Zusammenarbeit mit unseren Partnern die bundesweite und ordnungsgerechte R\u00fccknahme aller Sammelgruppen nach ElektroG anbieten.<\/strong><\/li>\n<li><strong>Die regelm\u00e4\u00dfige Schulung unserer LKW Fahrer in Bezug auf Gesetzesvorschriften und Ladungssicherung durch unser zertifiziertes Qualit\u00e4tsmanagement ist uns von besonderer Bedeutung.\u00a0<\/strong><\/li>\n<li><strong>Auch Transporte die unter die ADR-Vorschrift fallen k\u00f6nnen wir somit zu unseren St\u00e4rken z\u00e4hlen.<\/strong><\/li>\n<\/ul>\n<\/div>\n<p>\n<\/div><\/div><\/div><\/div><div class=\"kc-elm kc-css-460029\" style=\"height: 89px; clear: both; width:100%;\"><\/div><div class=\"kc-elm kc-css-580573 kc_shortcode kc_single_image\">\n\n        <img decoding=\"async\" src=\"https:\/\/eds-r.com\/wp-content\/uploads\/2023\/11\/Foto-Fuhrpark-NBG-seitlich_rechts_kompr-1000x500xc.jpg\" class=\"\" alt=\"\" \/>    <\/div>\n<div class=\"kc-elm kc-css-403158\" style=\"height: 77px; clear: both; width:100%;\"><\/div><\/div><\/div><\/div><\/div><\/section><section class=\"kc-elm kc-css-7416 kc_row\"><div class=\"kc-row-container  kc-container\"><div class=\"kc-wrap-columns\"><div class=\"kc-elm kc-css-237308 kc_col-sm-4 kc_column kc_col-sm-4\"><div class=\"kc-col-container\">\t\t\t<div class=\"single_counter default_style kc-elm kc-css-21907\">\r\n\t\t\t\t<div class=\"single_counter_inner\">\t\t\t\t\t\r\n\t\t\t\t\t\r\n\t\t\t\t\t\t\t\t\t\t\t<div class=\"counter_icon\">\t\t\t\r\n\t\t\t\t\t\t\t<i class=\"fa-truck-moving\"><\/i>\t\t\r\n\t\t\t\t\t\t<\/div>\r\n\t\t\t\t\t\t\t\t\t\t\r\n\t\t\t\t\t\r\n\t\t\t\t\t\r\n\t\t\t\t\t<div class=\"countr_text\">\r\n\t\t\t\t\t\t\t\t\t\t\t\t\t<h1>17<\/h1>\r\n\t\t\t\t\t\t\t\t\t\t\t\t\t\t\t\t\t\t\t\r\n\t\t\t\t\t<\/div>\r\n\t\t\t\t\t<div class=\"counter_title\">\r\n\t\t\t\t\t\t\t\t\t\t\t\t\t<h4>\r\n\t\t\t\t\t\t\teigene Fahrzeuge\t\t\t\t\t\t\t<\/h4>\t\r\n\t\t\t\t\t\t\t\t\t\t\t<\/div>\r\n\t\t\t\t\t\r\n\t\t\t\t\t\t\r\n\t\t\t\t\t\r\n\t\t\t\t<\/div>\r\n\t\t\t<\/div> \t\t\r\n\t\t<\/div><\/div><div class=\"kc-elm kc-css-91622 kc_col-sm-4 kc_column kc_col-sm-4\"><div class=\"kc-col-container\">\t\t\t<div class=\"single_counter default_style kc-elm kc-css-463626\">\r\n\t\t\t\t<div class=\"single_counter_inner\">\t\t\t\t\t\r\n\t\t\t\t\t\r\n\t\t\t\t\t\t\t\t\t\t\t<div class=\"counter_icon\">\t\t\t\r\n\t\t\t\t\t\t\t<i class=\"sl-people\"><\/i>\t\t\r\n\t\t\t\t\t\t<\/div>\r\n\t\t\t\t\t\t\t\t\t\t\r\n\t\t\t\t\t\r\n\t\t\t\t\t\r\n\t\t\t\t\t<div class=\"countr_text\">\r\n\t\t\t\t\t\t\t\t\t\t\t\t\t<h1>20 <\/h1>\r\n\t\t\t\t\t\t\t\t\t\t\t\t\t\t\t\t\t\t\t\r\n\t\t\t\t\t<\/div>\r\n\t\t\t\t\t<div class=\"counter_title\">\r\n\t\t\t\t\t\t\t\t\t\t\t\t\t<h4>\r\n\t\t\t\t\t\t\tMitarbeiter\t\t\t\t\t\t\t<\/h4>\t\r\n\t\t\t\t\t\t\t\t\t\t\t<\/div>\r\n\t\t\t\t\t\r\n\t\t\t\t\t\t\r\n\t\t\t\t\t\r\n\t\t\t\t<\/div>\r\n\t\t\t<\/div> \t\t\r\n\t\t<\/div><\/div><div class=\"kc-elm kc-css-573956 kc_col-sm-4 kc_column kc_col-sm-4\"><div class=\"kc-col-container\">\t\t\t<div class=\"single_counter default_style kc-elm kc-css-81287\">\r\n\t\t\t\t<div class=\"single_counter_inner\">\t\t\t\t\t\r\n\t\t\t\t\t\r\n\t\t\t\t\t\t\t\t\t\t\t<div class=\"counter_icon\">\t\t\t\r\n\t\t\t\t\t\t\t<i class=\"fa-redo-alt\"><\/i>\t\t\r\n\t\t\t\t\t\t<\/div>\r\n\t\t\t\t\t\t\t\t\t\t\r\n\t\t\t\t\t\r\n\t\t\t\t\t\r\n\t\t\t\t\t<div class=\"countr_text\">\r\n\t\t\t\t\t\t\t\t\t\t\t\t\t<h1>12.000<\/h1>\r\n\t\t\t\t\t\t\t\t\t\t\t\t\t\r\n\t\t\t\t\t\t\t<h3>+<\/h3>\r\n\t\t\t\t\t\t\t\t\t\t\t\t\t\r\n\t\t\t\t\t<\/div>\r\n\t\t\t\t\t<div class=\"counter_title\">\r\n\t\t\t\t\t\t\t\t\t\t\t\t\t<h4>\r\n\t\t\t\t\t\t\tAbholungen p.a.\t\t\t\t\t\t\t<\/h4>\t\r\n\t\t\t\t\t\t\t\t\t\t\t<\/div>\r\n\t\t\t\t\t\r\n\t\t\t\t\t\t\r\n\t\t\t\t\t\r\n\t\t\t\t<\/div>\r\n\t\t\t<\/div> \t\t\r\n\t\t<\/div><\/div><\/div><\/div><\/section><section class=\"kc-elm kc-css-20484 kc_row\"><div class=\"kc-row-container  kc-container\"><div class=\"kc-wrap-columns\"><div class=\"kc-elm kc-css-978118 kc_col-sm-12 kc_column kc_col-sm-12\"><div class=\"kc-col-container\"><div class=\"kc-elm kc-css-322753 kc_row kc_row_inner\"><div class=\"kc-elm kc-css-313306 kc_col-sm-12 kc_column_inner kc_col-sm-12\"><div class=\"kc_wrapper kc-col-inner-container\"><div class=\"kc-elm kc-css-619832\" style=\"height: 77px; clear: both; width:100%;\"><\/div>\n<div class=\"kc-elm kc-css-966254 kc-team kc-team-2\">\n\n\t<figure class=\"content-image\"><img decoding=\"async\" src=\"https:\/\/eds-r.com\/wp-content\/uploads\/2024\/04\/Foto-Breitsprecher_LKW-scaled.jpg\" alt=\"\"><\/figure><div class=\"box-right\"><div class=\"content-title\">Markus Breitsprecher <\/div><div class=\"content-subtitle\">Disponent & Fuhrparkleiter <\/div><div class=\"content-desc\">Tel.: 0911\/42477-21 \r\nE-Mail: m.breitsprecher@eds-r.com<\/div><div class=\"content-socials\"><a href=\"https:\/\/www.xing.com\/profile\/Markus_Breitsprecher4\" target=\"_blank\"><i class=\"fab-linkedin-in\"><\/i><\/a><\/div><\/div>\n<\/div>\n<\/div><\/div><\/div><\/div><\/div><\/div><\/div><\/section><\/p>\n","protected":false},"excerpt":{"rendered":"","protected":false},"author":4,"featured_media":0,"parent":0,"menu_order":0,"comment_status":"closed","ping_status":"closed","template":"page-templates\/template-default.php","meta":{"footnotes":""},"class_list":["post-2832","page","type-page","status-publish","hentry"],"_links":{"self":[{"href":"https:\/\/eds-r.com\/index.php?rest_route=\/wp\/v2\/pages\/2832","targetHints":{"allow":["GET"]}}],"collection":[{"href":"https:\/\/eds-r.com\/index.php?rest_route=\/wp\/v2\/pages"}],"about":[{"href":"https:\/\/eds-r.com\/index.php?rest_route=\/wp\/v2\/types\/page"}],"author":[{"embeddable":true,"href":"https:\/\/eds-r.com\/index.php?rest_route=\/wp\/v2\/users\/4"}],"replies":[{"embeddable":true,"href":"https:\/\/eds-r.com\/index.php?rest_route=%2Fwp%2Fv2%2Fcomments&post=2832"}],"version-history":[{"count":52,"href":"https:\/\/eds-r.com\/index.php?rest_route=\/wp\/v2\/pages\/2832\/revisions"}],"predecessor-version":[{"id":3819,"href":"https:\/\/eds-r.com\/index.php?rest_route=\/wp\/v2\/pages\/2832\/revisions\/3819"}],"wp:attachment":[{"href":"https:\/\/eds-r.com\/index.php?rest_route=%2Fwp%2Fv2%2Fmedia&parent=2832"}],"curies":[{"name":"wp","href":"https:\/\/api.w.org\/{rel}","templated":true}]}}