{"id":2812,"date":"2021-03-04T17:48:24","date_gmt":"2021-03-04T16:48:24","guid":{"rendered":"http:\/\/test.eds-r.com\/?page_id=2812"},"modified":"2025-10-15T15:07:47","modified_gmt":"2025-10-15T13:07:47","slug":"nuernberg","status":"publish","type":"page","link":"https:\/\/eds-r.com\/?page_id=2812","title":{"rendered":"Standort N\u00fcrnberg"},"content":{"rendered":"<p><section class=\"kc-elm kc-css-50268 kc_row\"><div class=\"kc-row-container  kc-container\"><div class=\"kc-wrap-columns\"><div class=\"kc-elm kc-css-393102 kc_col-sm-12 kc_column kc_col-sm-12\"><div class=\"kc-col-container\"><div class=\"kc-elm kc-css-812367\" style=\"height: 61px; clear: both; width:100%;\"><\/div><div class=\"kc-elm kc-css-472405 kc_text_block\"><\/p>\n<p>Unser Recyclingzentrum N\u00fcrnberg befindet sich in der zweitgr\u00f6\u00dften Stadt Bayerns.<br \/>Hier leben \u00fcber eine halbe Million Menschen. Was man durchaus vergisst, wenn man nur die malerische Altstadt mit Fachwerkh\u00e4uschen, \u201eDrei im Weggla\u201c und die Burg vor Augen hat.<\/p>\n<p>Welche Dienstleistungen wir an unserem Standort in N\u00fcrnberg erbringen, erfahren Sie hier.\u00a0<\/p>\n<p>\n<\/div><div class=\"kc-elm kc-css-501962\" style=\"height: 61px; clear: both; width:100%;\"><\/div><div class=\"kc-elm kc-css-212262 kc_shortcode kc_single_image\">\n\n        <img decoding=\"async\" src=\"https:\/\/eds-r.com\/wp-content\/uploads\/2022\/03\/03B51EB5-1D53-465D-B1DF-387F313E20FA-scaled-1000x400xc.jpeg\" class=\"\" alt=\"\" \/>    <\/div>\n<div class=\"kc-elm kc-css-453331\" style=\"height: 55px; clear: both; width:100%;\"><\/div><div class=\"kc-elm kc-css-162126 kc_text_block\"><\/p>\n<div class=\"elementHeadline\" style=\"padding: 0px 10px 0px 0px; line-height: 18px; color: #0c1c2c; font-family: Verdana, Tahoma, Arial, Helvetica, sans-serif; font-size: 20px;\">\n<h3 style=\"color: #076dc7; font-size: 20px; margin: 20px 0px 20px; font-family: verdana, arial, sans-serif;\"><strong>Dienstleistungen Recyclingzentrum N\u00fcrnberg<\/strong><\/h3>\n<\/div>\n<div class=\"elementStandard\" style=\"padding: 0px 18px 0px 0px; line-height: 18px; color: #0c1c2c; font-family: Verdana, Tahoma, Arial, Helvetica, sans-serif; font-size: 18px;\">\n<div class=\"text\" style=\"padding: 0px 18px 0px 0px; line-height: 18px;\">\n<ul style=\"padding: 0px; margin: 0px 0px 18px 13px;\">\n<li style=\"list-style-type: disc;\"><strong>Behandlung und Verwertung von Elektroaltger\u00e4ten<\/strong><\/li>\n<\/ul>\n<ul style=\"padding: 0px; margin: 0px 0px 18px 13px;\">\n<li style=\"list-style-type: disc;\"><strong>Behandlung und Verwertung von Medizintechnik<\/strong><\/li>\n<\/ul>\n<ul style=\"padding: 0px; margin: 0px 0px 18px 13px;\">\n<li style=\"list-style-type: disc;\"><strong>Behandlung und Verwertung\u00a0 von Leuchtstofflampen<\/strong><\/li>\n<\/ul>\n<\/div>\n<\/div>\n<p>\n<\/div><div class=\"kc-elm kc-css-810328\" style=\"height: 83px; clear: both; width:100%;\"><\/div><div class=\"kc-elm kc-css-337066 kc_row kc_row_inner\"><div class=\"kc-elm kc-css-826811 kc_col-sm-4 kc_column_inner kc_col-sm-4\"><div class=\"kc_wrapper kc-col-inner-container\">\t\t\t<div class=\"single_counter default_style kc-elm kc-css-391373\">\r\n\t\t\t\t<div class=\"single_counter_inner\">\t\t\t\t\t\r\n\t\t\t\t\t\r\n\t\t\t\t\t\t\t\t\t\t\t<div class=\"counter_icon\">\t\t\t\r\n\t\t\t\t\t\t\t<i class=\"fa-warehouse\"><\/i>\t\t\r\n\t\t\t\t\t\t<\/div>\r\n\t\t\t\t\t\t\t\t\t\t\r\n\t\t\t\t\t\r\n\t\t\t\t\t\r\n\t\t\t\t\t<div class=\"countr_text\">\r\n\t\t\t\t\t\t\t\t\t\t\t\t\t<h1>12.00 <\/h1>\r\n\t\t\t\t\t\t\t\t\t\t\t\t\t\r\n\t\t\t\t\t\t\t<h3>+<\/h3>\r\n\t\t\t\t\t\t\t\t\t\t\t\t\t\r\n\t\t\t\t\t<\/div>\r\n\t\t\t\t\t<div class=\"counter_title\">\r\n\t\t\t\t\t\t\t\t\t\t\t\t\t<h4>\r\n\t\t\t\t\t\t\tQuadratmeter\t\t\t\t\t\t\t<\/h4>\t\r\n\t\t\t\t\t\t\t\t\t\t\t<\/div>\r\n\t\t\t\t\t\r\n\t\t\t\t\t\t\r\n\t\t\t\t\t\r\n\t\t\t\t<\/div>\r\n\t\t\t<\/div> \t\t\r\n\t\t<\/div><\/div><div class=\"kc-elm kc-css-409083 kc_col-sm-4 kc_column_inner kc_col-sm-4\"><div class=\"kc_wrapper kc-col-inner-container\">\t\t\t<div class=\"single_counter default_style kc-elm kc-css-341\">\r\n\t\t\t\t<div class=\"single_counter_inner\">\t\t\t\t\t\r\n\t\t\t\t\t\r\n\t\t\t\t\t\t\t\t\t\t\t<div class=\"counter_icon\">\t\t\t\r\n\t\t\t\t\t\t\t<i class=\"sl-people\"><\/i>\t\t\r\n\t\t\t\t\t\t<\/div>\r\n\t\t\t\t\t\t\t\t\t\t\r\n\t\t\t\t\t\r\n\t\t\t\t\t\r\n\t\t\t\t\t<div class=\"countr_text\">\r\n\t\t\t\t\t\t\t\t\t\t\t\t\t<h1>35<\/h1>\r\n\t\t\t\t\t\t\t\t\t\t\t\t\t\t\t\t\t\t\t\r\n\t\t\t\t\t<\/div>\r\n\t\t\t\t\t<div class=\"counter_title\">\r\n\t\t\t\t\t\t\t\t\t\t\t\t\t<h4>\r\n\t\t\t\t\t\t\tMitarbeiter\t\t\t\t\t\t\t<\/h4>\t\r\n\t\t\t\t\t\t\t\t\t\t\t<\/div>\r\n\t\t\t\t\t\r\n\t\t\t\t\t\t\r\n\t\t\t\t\t\r\n\t\t\t\t<\/div>\r\n\t\t\t<\/div> \t\t\r\n\t\t<\/div><\/div><div class=\"kc-elm kc-css-930663 kc_col-sm-4 kc_column_inner kc_col-sm-4\"><div class=\"kc_wrapper kc-col-inner-container\">\t\t\t<div class=\"single_counter default_style kc-elm kc-css-65820\">\r\n\t\t\t\t<div class=\"single_counter_inner\">\t\t\t\t\t\r\n\t\t\t\t\t\r\n\t\t\t\t\t\t\t\t\t\t\t<div class=\"counter_icon\">\t\t\t\r\n\t\t\t\t\t\t\t<i class=\"fa-cog\"><\/i>\t\t\r\n\t\t\t\t\t\t<\/div>\r\n\t\t\t\t\t\t\t\t\t\t\r\n\t\t\t\t\t\r\n\t\t\t\t\t\r\n\t\t\t\t\t<div class=\"countr_text\">\r\n\t\t\t\t\t\t\t\t\t\t\t\t\t<h1>10.000<\/h1>\r\n\t\t\t\t\t\t\t\t\t\t\t\t\t\r\n\t\t\t\t\t\t\t<h3>to. <\/h3>\r\n\t\t\t\t\t\t\t\t\t\t\t\t\t\r\n\t\t\t\t\t<\/div>\r\n\t\t\t\t\t<div class=\"counter_title\">\r\n\t\t\t\t\t\t\t\t\t\t\t\t\t<h4>\r\n\t\t\t\t\t\t\tDurchsatz\t\t\t\t\t\t\t<\/h4>\t\r\n\t\t\t\t\t\t\t\t\t\t\t<\/div>\r\n\t\t\t\t\t\r\n\t\t\t\t\t\t\r\n\t\t\t\t\t\r\n\t\t\t\t<\/div>\r\n\t\t\t<\/div> \t\t\r\n\t\t<\/div><\/div><\/div><div class=\"kc-elm kc-css-293433\" style=\"height: 83px; clear: both; width:100%;\"><\/div><\/div><\/div><\/div><\/div><\/section><section class=\"kc-elm kc-css-442292 kc_row\"><div class=\"kc-row-container  kc-container\"><div class=\"kc-wrap-columns\"><div class=\"kc-elm kc-css-366441 kc_col-sm-6 kc_column kc_col-sm-6\"><div class=\"kc-col-container\">\n<div class=\"kc-elm kc-css-238203 kc-team kc-team-2\">\n\n\t<figure class=\"content-image\"><img decoding=\"async\" src=\"https:\/\/eds-r.com\/wp-content\/uploads\/2024\/04\/Portrait-Paul-scaled.jpg\" alt=\"\"><\/figure><div class=\"box-right\"><div class=\"content-title\">Andreas Paul<\/div><div class=\"content-subtitle\">Betriebsleiter<\/div><div class=\"content-desc\">Tel.: 0911\/42477-12\r\nMail: a.paul@eds-r.com<\/div><\/div>\n<\/div>\n<\/div><\/div><div class=\"kc-elm kc-css-823768 kc_col-sm-6 kc_column kc_col-sm-6\"><div class=\"kc-col-container\">\n<div class=\"kc-elm kc-css-483046 kc-team kc-team-2\">\n\n\t<figure class=\"content-image\"><img decoding=\"async\" src=\"https:\/\/eds-r.com\/wp-content\/uploads\/2024\/04\/Portrait-Markus-Breitsprecher-scaled.jpg\" alt=\"\"><\/figure><div class=\"box-right\"><div class=\"content-title\">Markus Breitsprecher<\/div><div class=\"content-subtitle\">Disposition<\/div><div class=\"content-desc\">Tel.: 0911\/42477-21\r\nMail: m.breitsprecher@eds-r.com<\/div><div class=\"content-socials\"><a href=\"https:\/\/www.xing.com\/profile\/Markus_Breitsprecher4\" target=\"_blank\"><i class=\"fab-linkedin-in\"><\/i><\/a><\/div><\/div>\n<\/div>\n<div class=\"kc-elm kc-css-586301\" style=\"height: 55px; clear: both; width:100%;\"><\/div>\n<div class=\"kc-elm kc-css-125097 kc-team kc-team-2\">\n\n\t<div class=\"box-right\"><div class=\"content-title\">Codruta Mieskes<\/div><div class=\"content-subtitle\">Warenannahme<\/div><div class=\"content-desc\">Tel.: 0911\/42477-33\r\n<\/div><\/div>\n<\/div>\n<\/div><\/div><\/div><\/div><\/section><section class=\"kc-elm kc-css-344034 kc_row\"><div class=\"kc-row-container  kc-container\"><div class=\"kc-wrap-columns\"><div class=\"kc-elm kc-css-536322 kc_col-sm-12 kc_column kc_col-sm-12\"><div class=\"kc-col-container\"><div class=\"kc-elm kc-css-146766 kc_row kc_row_inner\"><div class=\"kc-elm kc-css-915689 kc_col-sm-12 kc_column_inner kc_col-sm-12\"><div class=\"kc_wrapper kc-col-inner-container\"><\/div><\/div><\/div><div class=\"kc-elm kc-css-449594\" style=\"height: 83px; clear: both; width:100%;\"><\/div>\r\n\t\r\n\r\n\t\r\n\t<div class=\"em-service2 smiddle  kc-elm kc-css-588028\">\t\r\n\t\t<div class=\"em_service_content \">\r\n\t\t\t<div class=\"em_single_service_text\">\r\n\t\t\t\t<div class=\"service_top_text\">\r\n\t\t\t\t\t\t\t\t\t\t\t<div class=\"em-service-icon\">\r\n\t\t\t\t\t\t\t<i class=\"flaticon-back\"><\/i>\r\n\t\t\t\t\t\t<\/div>\t\t\t\r\n\t\t\t\t\t\t\r\n\t\t\t\t\t\r\n\t\t\t\t<\/div>\r\n\t\t\t\t<div class=\"em-service-inner\">\r\n\t\t\t\t\t<div class=\"em-service-title\"><h2>\u00d6ffnungs-\/Anlieferzeiten<\/h2><\/div>\t\t\t\t\t<div class=\"em-service-desc\"><p>Mo - Do: 08:00 Uhr - 16:00 Uhr &\r\nFr: 08:00 Uhr - 12:00 Uhr <\/p><\/div>\t\t\t\t\t\t\t\t\t\t\r\n\t\t\t\t<\/div>\r\n\t\t\t<\/div>\r\n\t\t<\/div>\r\n\t<\/div>\t\t\t\r\n\t<div class=\"kc-elm kc-css-179560\" style=\"height: 83px; clear: both; width:100%;\"><\/div><div class=\"kc-elm kc-css-753383 kc_google_maps kc_shortcode\"><div style=\"height: 350px\" class=\"kc-google-maps\"><iframe src=\"https:\/\/www.google.com\/maps\/embed?pb=!1m18!1m12!1m3!1d69935.92323987187!2d11.03953372133905!3d49.43797977674131!2m3!1f0!2f0!3f0!3m2!1i1024!2i768!4f13.1!3m3!1m2!1s0x479f571935d25fcb%3A0xabebb3236803d475!2sMaybachstra%C3%9Fe%2018%2C%2090441%20N%C3%BCrnberg!5e1!3m2!1sde!2sde!4v1620226319231!5m2!1sde!2sde\" width=\"100%\" height=\"350\" style=\"border:0;\" allowfullscreen=\"\" loading=\"lazy\"><\/iframe><\/div><\/div><div class=\"kc-elm kc-css-876163\" style=\"height: 119px; clear: both; width:100%;\"><\/div><\/div><\/div><\/div><\/div><\/section><\/p>\n","protected":false},"excerpt":{"rendered":"","protected":false},"author":4,"featured_media":0,"parent":0,"menu_order":0,"comment_status":"closed","ping_status":"closed","template":"","meta":{"footnotes":""},"class_list":["post-2812","page","type-page","status-publish","hentry"],"_links":{"self":[{"href":"https:\/\/eds-r.com\/index.php?rest_route=\/wp\/v2\/pages\/2812","targetHints":{"allow":["GET"]}}],"collection":[{"href":"https:\/\/eds-r.com\/index.php?rest_route=\/wp\/v2\/pages"}],"about":[{"href":"https:\/\/eds-r.com\/index.php?rest_route=\/wp\/v2\/types\/page"}],"author":[{"embeddable":true,"href":"https:\/\/eds-r.com\/index.php?rest_route=\/wp\/v2\/users\/4"}],"replies":[{"embeddable":true,"href":"https:\/\/eds-r.com\/index.php?rest_route=%2Fwp%2Fv2%2Fcomments&post=2812"}],"version-history":[{"count":89,"href":"https:\/\/eds-r.com\/index.php?rest_route=\/wp\/v2\/pages\/2812\/revisions"}],"predecessor-version":[{"id":3872,"href":"https:\/\/eds-r.com\/index.php?rest_route=\/wp\/v2\/pages\/2812\/revisions\/3872"}],"wp:attachment":[{"href":"https:\/\/eds-r.com\/index.php?rest_route=%2Fwp%2Fv2%2Fmedia&parent=2812"}],"curies":[{"name":"wp","href":"https:\/\/api.w.org\/{rel}","templated":true}]}}