{"id":2352,"date":"2018-09-05T09:41:25","date_gmt":"2018-09-05T09:41:25","guid":{"rendered":"http:\/\/webitkurigram.com\/wp\/techno\/?page_id=2352"},"modified":"2024-04-08T11:18:26","modified_gmt":"2024-04-08T09:18:26","slug":"contact-style-two","status":"publish","type":"page","link":"https:\/\/eds-r.com\/?page_id=2352","title":{"rendered":"Kontakt"},"content":{"rendered":"<p><section class=\"kc-elm kc-css-271066 kc_row\"><div class=\"kc-row-container  kc-container\"><div class=\"kc-wrap-columns\"><div class=\"kc-elm kc-css-889813 kc_col-sm-12 kc_column kc_col-sm-12\"><div class=\"kc-col-container\"><div class=\"kc-elm kc-css-210533 kc_row kc_row_inner\"><div class=\"kc-elm kc-css-231755 kc_col-sm-12 kc_column_inner kc_col-sm-12\"><div class=\"kc_wrapper kc-col-inner-container\">\t\r\r\t<div class=\"kc-elm kc-css-631198 \">\r\r\t\t<div class=\"section-title  t_center\">\r\t\t\t\t\t\t\t<h5>Kontakt<\/h5>\r\t\t\t\t\t\t<h2>Wir freuen uns \u00fcber Ihren Anruf <\/h2>\r\t\t\t<h2><\/h2>\r\t\t\t\r\t\t\t\t\t\t\r\t\t\t\t\r\t\t\t\r\r\t\t\t\t\t\t\r\t\t\t\t\r\r\t\t<\/div>\t\r\r\t<\/div>\t\r\r\t<div class=\"kc-elm kc-css-810628\" style=\"height: 40px; clear: both; width:100%;\"><\/div><div class=\"kc-elm kc-css-384840\" style=\"height: 40px; clear: both; width:100%;\"><\/div><\/div><\/div><\/div><\/div><\/div><\/div><\/div><\/section><section class=\"kc-elm kc-css-483606 kc_row\"><div class=\"kc-row-container  kc-container\"><div class=\"kc-wrap-columns\"><div class=\"kc-elm kc-css-940422 kc_col-sm-12 kc_column kc_col-sm-12\"><div class=\"kc-col-container\"><div class=\"kc-elm kc-css-27675 kc_row kc_row_inner\"><div class=\"kc-elm kc-css-227705 kc_col-sm-6 kc_column_inner kc_col-sm-6\"><div class=\"kc_wrapper kc-col-inner-container\"><div class=\"kc-elm kc-css-681097 kc-feature-boxes kc-fb-layout-4\">\n\n\t<figure class=\"content-image\"><img decoding=\"async\" src=\"https:\/\/eds-r.com\/wp-content\/uploads\/2023\/05\/J.-Schmidt-Ipad-m.H.-kompr.jpg\" alt=\"\"><\/figure><div class=\"box-right\"><div class=\"content-position\">Vertrieb<\/div><div class=\"content-title\">Johann Schmidt<\/div><div class=\"content-desc\">0911\/42477-40<\/div><\/div>\n<\/div>\n<div class=\"kc-elm kc-css-641938 kc-feature-boxes kc-fb-layout-4\">\n\n\t<figure class=\"content-image\"><img decoding=\"async\" src=\"https:\/\/eds-r.com\/wp-content\/uploads\/2024\/04\/Portrait-Paul-scaled.jpg\" alt=\"\"><\/figure><div class=\"box-right\"><div class=\"content-position\">Betriebsleiter N\u00fcrnberg<\/div><div class=\"content-title\">Andreas Paul<\/div><div class=\"content-desc\">0911\/42477-12<\/div><\/div>\n<\/div>\n<\/div><\/div><div class=\"kc-elm kc-css-512810 kc_col-sm-6 kc_column_inner kc_col-sm-6\"><div class=\"kc_wrapper kc-col-inner-container\"><div class=\"kc-elm kc-css-279311 kc-feature-boxes kc-fb-layout-4\">\n\n\t<figure class=\"content-image\"><img decoding=\"async\" src=\"https:\/\/eds-r.com\/wp-content\/uploads\/2024\/04\/Portrait-Markus-Breitsprecher-scaled.jpg\" alt=\"\"><\/figure><div class=\"box-right\"><div class=\"content-position\">Disposition \/ Fuhrpark<\/div><div class=\"content-title\">Markus  Breitsprecher<\/div><div class=\"content-desc\">0911\/42477-21<\/div><\/div>\n<\/div>\n<div class=\"kc-elm kc-css-282152 kc-feature-boxes kc-fb-layout-4\">\n\n\t<figure class=\"content-image\"><img decoding=\"async\" src=\"https:\/\/eds-r.com\/wp-content\/uploads\/2023\/05\/Hr.-Paschke-m.H.-kompr.jpg\" alt=\"\"><\/figure><div class=\"box-right\"><div class=\"content-position\">Betriebsleiter Baar<\/div><div class=\"content-title\">Michael Paschke<\/div><div class=\"content-desc\">08276\/518778-5<\/div><\/div>\n<\/div>\n<\/div><\/div><\/div><\/div><\/div><\/div><\/div><\/section><section class=\"kc-elm kc-css-566418 kc_row\"><div class=\"kc-row-container\"><div class=\"kc-wrap-columns\"><div class=\"kc-elm kc-css-219621 kc_col-sm-12 kc_column kc_col-sm-12\"><div class=\"kc-col-container\"><div class=\"kc-elm kc-css-517675 kc_row kc_row_inner\"><div class=\"kc-elm kc-css-100991 kc_col-sm-6 kc_column_inner kc_col-sm-6\"><div class=\"kc_wrapper kc-col-inner-container\"><div class=\"kc-elm kc-css-486181 kc_shortcode kc_single_image\">\n\n        <img decoding=\"async\" src=\"https:\/\/eds-r.com\/wp-content\/uploads\/2020\/06\/quote-bg.jpg\" class=\"\" alt=\"\" \/>    <\/div>\n<\/div><\/div><div class=\"kc-elm kc-css-497088 kc_col-sm-6 kc_column_inner kc_col-sm-6\"><div class=\"kc_wrapper kc-col-inner-container\"><div class=\"kc-contact-form7 kc-elm kc-css-766493\"><h2>Kontaktieren Sie uns auch gerne per Mail<\/h2>\n<div class=\"wpcf7 no-js\" id=\"wpcf7-f2175-o1\" lang=\"en-US\" dir=\"ltr\" data-wpcf7-id=\"2175\">\n<div class=\"screen-reader-response\"><p role=\"status\" aria-live=\"polite\" aria-atomic=\"true\"><\/p> <ul><\/ul><\/div>\n<form action=\"\/index.php?rest_route=%2Fwp%2Fv2%2Fpages%2F2352#wpcf7-f2175-o1\" method=\"post\" class=\"wpcf7-form init\" aria-label=\"Contact form\" novalidate=\"novalidate\" data-status=\"init\">\n<div style=\"display: none;\">\n<input type=\"hidden\" name=\"_wpcf7\" value=\"2175\" \/>\n<input type=\"hidden\" name=\"_wpcf7_version\" value=\"6.0\" \/>\n<input type=\"hidden\" name=\"_wpcf7_locale\" value=\"en_US\" \/>\n<input type=\"hidden\" name=\"_wpcf7_unit_tag\" value=\"wpcf7-f2175-o1\" \/>\n<input type=\"hidden\" name=\"_wpcf7_container_post\" value=\"0\" \/>\n<input type=\"hidden\" name=\"_wpcf7_posted_data_hash\" value=\"\" \/>\n<input type=\"hidden\" name=\"_wpcf7_recaptcha_response\" value=\"\" \/>\n<\/div>\n<div class=\"form-area quote-form-two\">\n\t<div class=\"form-inner\">\n\t\t<div class=\"form-controls row\">\n\t\t\t<div class=\"col-md-6\">\n\t\t\t\t<div class=\"form-group\">\n\t\t\t\t\t<p><span class=\"wpcf7-form-control-wrap\" data-name=\"name1\"><input size=\"40\" maxlength=\"400\" class=\"wpcf7-form-control wpcf7-text wpcf7-validates-as-required form-control\" aria-required=\"true\" aria-invalid=\"false\" placeholder=\"Name*\" value=\"\" type=\"text\" name=\"name1\" \/><\/span>\n\t\t\t\t\t<\/p>\n\t\t\t\t<\/div>\n\t\t\t<\/div>\n\t\t\t<div class=\"col-md-6\">\n\t\t\t\t<div class=\"form-group\">\n\t\t\t\t\t<p><span class=\"wpcf7-form-control-wrap\" data-name=\"email\"><input size=\"40\" maxlength=\"400\" class=\"wpcf7-form-control wpcf7-email wpcf7-validates-as-required wpcf7-text wpcf7-validates-as-email form-control\" aria-required=\"true\" aria-invalid=\"false\" placeholder=\"Email*\" value=\"\" type=\"email\" name=\"email\" \/><\/span>\n\t\t\t\t\t<\/p>\n\t\t\t\t<\/div>\n\t\t\t<\/div>\n\t\t\t<div class=\"col-md-12\">\n\t\t\t\t<div class=\"form-group\">\n\t\t\t\t\t<p><span class=\"wpcf7-form-control-wrap\" data-name=\"nachricht\"><textarea cols=\"20\" rows=\"7\" maxlength=\"2000\" class=\"wpcf7-form-control wpcf7-textarea form-control\" aria-invalid=\"false\" placeholder=\"Ihre Nachricht*\" name=\"nachricht\"><\/textarea><\/span>\n\t\t\t\t\t<\/p>\n\t\t\t\t<\/div>\n\t\t\t<\/div>\n\t\t\t<div class=\"col-md-12\">\n\t\t\t\t<div class=\"form-group\">\n\t\t\t\t\t<div class=\"buttons\">\n\t\t\t\t\t\t<p><span class=\"wpcf7-form-control-wrap\" data-name=\"acceptance-506\"><span class=\"wpcf7-form-control wpcf7-acceptance\"><span class=\"wpcf7-list-item\"><label><input type=\"checkbox\" name=\"acceptance-506\" value=\"1\" aria-invalid=\"false\" \/><span class=\"wpcf7-list-item-label\"><font color=\"Black\">Mit der Datenerfassung in diesem Kontaktformular, best\u00e4tigt die jeweilige Person Daten nicht f\u00fcr Dritte einzugeben und seine Vollj\u00e4hrigkeit. Zudem stimmt die jeweilige Person der Verarbeitung seiner personenbezogenen Daten durch die eds-r GmbH als verantwortliche Stelle f\u00fcr die Erf\u00fcllung der daraus m\u00f6glicherweise resultierenden vertraglichen Verpflichtungen zu. Weitere Infos hierzu entnehmen Sie bitte unserer <a href=\"https:\/\/eds-r.com\/?page_id=3\"><font color=\"black\"><u>Datenschutzerkl\u00e4rung<\/u><\/font><\/a><\/font><\/span><\/label><\/span><\/span><\/span>\n\t\t\t\t\t\t<\/p>\n\t\t\t\t\t\t<p>\n\t\t\t\t\t\t\t<font color=\"Black\"> * gekennzeichnete Felder m\u00fcssen ausgef\u00fcllt werden\n\t\t\t\t\t\t\t<\/font>\n\t\t\t\t\t\t<\/p>\n\t\t\t\t\t\t<p><input class=\"wpcf7-form-control wpcf7-submit has-spinner button\" type=\"submit\" value=\"Senden\" \/>\n\t\t\t\t\t\t<\/p>\n\t\t\t\t\t<\/div>\n\t\t\t\t<\/div>\n\t\t\t<\/div>\n\t\t<\/div>\n\t<\/div>\n<\/div><div class=\"wpcf7-response-output\" aria-hidden=\"true\"><\/div>\n<\/form>\n<\/div>\n<\/div><\/div><\/div><\/div><div class=\"kc-elm kc-css-536547 kc_row kc_row_inner\"><div class=\"kc-elm kc-css-182819 kc_col-sm-12 kc_column_inner kc_col-sm-12\"><div class=\"kc_wrapper kc-col-inner-container\"><div class=\"kc-elm kc-css-504549\" style=\"height: 99px; clear: both; width:100%;\"><\/div><\/div><\/div><\/div><\/div><\/div><\/div><\/div><\/section><\/p>\n","protected":false},"excerpt":{"rendered":"","protected":false},"author":2,"featured_media":0,"parent":0,"menu_order":0,"comment_status":"closed","ping_status":"closed","template":"page-templates\/template-default.php","meta":{"footnotes":""},"class_list":["post-2352","page","type-page","status-publish","hentry"],"_links":{"self":[{"href":"https:\/\/eds-r.com\/index.php?rest_route=\/wp\/v2\/pages\/2352","targetHints":{"allow":["GET"]}}],"collection":[{"href":"https:\/\/eds-r.com\/index.php?rest_route=\/wp\/v2\/pages"}],"about":[{"href":"https:\/\/eds-r.com\/index.php?rest_route=\/wp\/v2\/types\/page"}],"author":[{"embeddable":true,"href":"https:\/\/eds-r.com\/index.php?rest_route=\/wp\/v2\/users\/2"}],"replies":[{"embeddable":true,"href":"https:\/\/eds-r.com\/index.php?rest_route=%2Fwp%2Fv2%2Fcomments&post=2352"}],"version-history":[{"count":104,"href":"https:\/\/eds-r.com\/index.php?rest_route=\/wp\/v2\/pages\/2352\/revisions"}],"predecessor-version":[{"id":3788,"href":"https:\/\/eds-r.com\/index.php?rest_route=\/wp\/v2\/pages\/2352\/revisions\/3788"}],"wp:attachment":[{"href":"https:\/\/eds-r.com\/index.php?rest_route=%2Fwp%2Fv2%2Fmedia&parent=2352"}],"curies":[{"name":"wp","href":"https:\/\/api.w.org\/{rel}","templated":true}]}}